y 113?
109
What is the remainder when 18507 is divided by 9027?
453
What is the remainder when 261778 is divided by 43629?
4
Calculate the remainder when 6294 is divided by 74.
4
What is the remainder when 2823 is divided by 592?
455
What is the remainder when 1176 is divided by 252?
168
What is the remainder when 7599 is divided by 3692?
215
Calculate the remainder when 200 is divided by 1.
0
Calculate the remainder when 4373 is divided by 45.
8
Calculate the remainder when 35 is divided by 22.
13
What is the remainder when 7977 is divided by 70?
67
What is the remainder when 11032 is divided by 91?
21
Calculate the remainder when 274598 is divided by 74.
58
Calculate the remainder when 3993 is divided by 890.
433
What is the remainder when 5121 is divided by 225?
171
Calculate the remainder when 66726 is divided by 498.
492
Calculate the remainder when 1861 is divided by 273.
223
Calculate the remainder when 34933 is divided by 8719.
57
Calculate the remainder when 14403 is divided by 117.
12
What is the remainder when 1333 is divided by 390?
163
What is the remainder when 41611 is divided by 392?
59
Calculate the remainder when 36885 is divided by 147.
135
What is the remainder when 3144 is divided by 3109?
35
Calculate the remainder when 8020 is divided by 68.
64
Calculate the remainder when 5412 is divided by 155.
142
Calculate the remainder when 1584034 is divided by 7.
4
Calculate the remainder when 87374 is divided by 1040.
14
Calculate the remainder when 20128 is divided by 135.
13
What is the remainder when 170256 is divided by 581?
23
Calculate the remainder when 19975 is divided by 15.
10
What is the remainder when 219 is divided by 31?
2
Calculate the remainder when 1348699 is divided by 378.
373
Calculate the remainder when 457 is divided by 45.
7
What is the remainder when 1504 is divided by 590?
324
Calculate the remainder when 1286 is divided by 121.
76
Calculate the remainder when 13701 is divided by 32.
5
Calculate the remainder when 829089 is divided by 368.
353
What is the remainder when 383454 is divided by 94?
28
Calculate the remainder when 1009 is divided by 498.
13
What is the remainder when 6291 is divided by 1256?
11
Calculate the remainder when 341 is divided by 170.
1
Calculate the remainder when 985 is divided by 902.
83
What is the remainder when 622013 is divided by 31?
29
What is the remainder when 1541 is divided by 756?
29
Calculate the remainder when 67488 is divided by 951.
918
Calculate the remainder when 1518 is divided by 26.
10
Calculate the remainder when 142974 is divided by 142964.
10
What is the remainder when 4840 is divided by 967?
5
Calculate the remainder when 33172 is divided by 58.
54
Calculate the remainder when 3293 is divided by 138.
119
What is the remainder when 2668 is divided by 847?
127
Calculate the remainder when 22099 is divided by 3669.
85
Calculate the remainder when 3393 is divided by 79.
75
Calculate the remainder when 56562 is divided by 18851.
9
Calculate the remainder when 482019 is divided by 947.
943
What is the remainder when 57692 is divided by 1697?
1691
What is the remainder when 5464 is divided by 106?
58
Calculate the remainder when 205608 is divided by 939.
906
Calculate the remainder when 18761 is divided by 6.
5
What is the remainder when 1923 is divided by 1885?
38
Calculate the remainder when 4540 is divided by 2073.
394
What is the remainder when 2879 is divided by 36?
35
Calculate the remainder when 105738 is divided by 17607.
96
Calculate the remainder when 183 is divided by 137.
46
Calculate the remainder when 4415 is divided by 2125.
165
What is the remainder when 18030 is divided by 2570?
40
What is the remainder when 46583 is divided by 1664?
1655
What is the remainder when 41679 is divided by 21?
15
What is the remainder when 72532 is divided by 108?
64
Calculate the remainder when 1294 is divided by 228.
154
What is the remainder when 170165 is divided by 89?
86
Calculate the remainder when 44675 is divided by 40.
35
Calculate the remainder when 2372 is divided by 115.
72
Calculate the remainder when 1588444 is divided by 986.
984
What is the remainder when 3942 is divided by 3819?
123
What is the remainder when 4131 is divided by 13?
10
What is the remainder when 182743 is divided by 60888?
79
Calculate the remainder when 8540 is divided by 6810.
1730
What is the remainder when 120117 is divided by 780?
777
What is the remainder when 30163 is divided by 836?
67
What is the remainder when 440128 is divided by 29?
24
What is the remainder when 15082 is divided by 4?
2
Calculate the remainder when 7766 is divided by 407.
33
Calculate the remainder when 25683 is divided by 1526.
1267
What is the remainder when 2515 is divided by 88?
51
Calculate the remainder when 64408 is divided by 3220.
8
What is the remainder when 2739 is divided by 35?
9
What is the remainder when 374414 is divided by 1300?
14
Calculate the remainder when 6658 is divided by 259.
183
Calculate the remainder when 10856 is divided by 51.
44
What is the remainder when 9534 is divided by 589?
110
What is the remainder when 912032 is divided by 176?
0
What is the remainder when 2755 is divided by 195?
25
What is the remainder when 37485 is divided by 3407?
8
What is the remainder when 1540 is divided by 37?
23
What is the remainder when 3307 is divided by 1620?
67
What is the remainder when 3395615 is divided by 336?
335
Calculate the remainder when 26489 is divided by 589.
573
Calculate the remainder when 11367 is divided by 453.
42
What is the remainder when 2250 is divided by 46?
42
Calculate the remainder when 1243 is divided by 1231.
12
What is the remainder when 2656794 is divided by 738?
732
Calculate the remainder when 13158 is divided by 175.
33
Calculate the remainder when 156703 is divided by 332.
331
Calculate the remainder when 76716 is divided by 120.
36
What is the remainder when 172366 is divided by 38?
36
What is the remainder when 11704 is divided by 435?
394
Calculate the remainder when 34718 is divided by 5785.
8
Calculate the remainder when 1368 is divided by 357.
297
Calculate the remainder when 14322 is divided by 573.
570
Calculate the remainder when 13163 is divided by 4.
3
What is the remainder when 547320 is divided by 32195?
5
Calculate the remainder when 13865 is divided by 633.
572
What is the remainder when 1331 is divided by 554?
223
What is the remainder when 6114 is divided by 198?
174
What is the remainder when 3033 is divided by 749?
37
Calculate the remainder when 5335 is divided by 85.
65
What is the remainder when 20998 is divided by 10499?
0
Calculate the remainder when 1500 is divided by 738.
24
What is the remainder when 17305 is divided by 1331?
2
Calculate the remainder when 9401 is divided by 3117.
50
Calculate the remainder when 255371 is divided by 1277.
1248
What is the remainder when 684467 is divided by 52?
43
What is the remainder when 359794 is divided by 205?
19
Calculate the remainder when 24558 is divided by 276.
270
Calculate the remainder when 16890 is divided by 51.
9
Calculate the remainder when 12853 is divided by 8.
5
Calculate the remainder when 48015 is divided by 8002.
3
What is the remainder when 5396 is divided by 113?
85
What is the remainder when 106603 is divided by 27?
7
Calculate the remainder when 745 is divided by 12.
1
What is the remainder when 1800 is divided by 16?
8
Calculate the remainder when 1363550 is divided by 16.
14
What is the remainder when 1232 is divided by 1029?
203
What is the remainder when 514909 is divided by 514899?
10
What is the remainder when 2914 is divided by 1627?
1287
Calculate the remainder when 22472 is divided by 11217.
38
Calculate the remainder when 88973 is divided by 131.
24
Calculate the remainder when 33742 is divided by 41.
40
Calculate the remainder when 232343 is divided by 31.
29
Calculate the remainder when 6284 is divided by 396.
344
What is the remainder when 9390 is divided by 15?
0
Calculate the remainder when 1447 is divided by 679.
89
What is the remainder when 1322 is divided by 356?
254
Calculate the remainder when 68246 is divided by 21.
17
Calculate the remainder when 9526 is divided by 1901.
21
Calculate the remainder when 1903 is divided by 1859.
44
What is th